{"id":12,"date":"2008-09-21T19:48:12","date_gmt":"2008-09-21T17:48:12","guid":{"rendered":"http:\/\/www.mali-medicaments.org\/?page_id=12"},"modified":"2020-03-22T17:40:21","modified_gmt":"2020-03-22T16:40:21","slug":"nos-projets-puits","status":"publish","type":"page","link":"https:\/\/www.mali-medicaments.org\/?page_id=12","title":{"rendered":"Nos projets puits"},"content":{"rendered":"\n<h3 class=\"wp-block-heading\"><span style=\"font-family: arial;\">&#x2666; POURQUOI FINAN\u00c7ONS-NOUS<br>LE CREUSEMENT DE PUITS ?<\/span><\/h3>\n\n\n\n<p><span style=\"font-family: arial;\">C&rsquo;est surtout \u00e0 partir de 1996, apr\u00e8s avoir \u00e9t\u00e9 alert\u00e9s \u00e0 l&rsquo;occasion de notre vingti\u00e8me anniversaire par l&rsquo;un de nos correspondants locaux, Baboua TRAOR\u00e9, m\u00e9decin \u00e0 l&rsquo;\u00e9poque sur le terrain, que nous nous sommes tourn\u00e9s vers cette activit\u00e9. <\/span><\/p>\n\n\n\n<h3 class=\"wp-block-heading\"><figure><a href=\"http:\/\/www.mali-medicaments.org\/wp-content\/uploads\/2008\/09\/puit1.jpg\" rel=\"lightbox[12]\"><img loading=\"lazy\" decoding=\"async\" class=\"alignright size-medium wp-image-13\" style=\"float: right; margin-left: 20px; margin-right: 20px;\" title=\"puit1\" src=\"https:\/\/www.mali-medicaments.org\/wp-content\/uploads\/2008\/09\/puit1-267x300.jpg\" alt=\"puits\" width=\"267\" height=\"300\" srcset=\"https:\/\/www.mali-medicaments.org\/wp-content\/uploads\/2008\/09\/puit1-267x300.jpg 267w, https:\/\/www.mali-medicaments.org\/wp-content\/uploads\/2008\/09\/puit1.jpg 522w\" sizes=\"auto, (max-width: 267px) 100vw, 267px\" \/><\/a><\/figure><\/h3>\n\n\n\n<p><span style=\"font-family: arial;\">Beaucoup de gens en effet souffrent de pathologies li\u00e9es \u00e0 la consommation de l&rsquo;eau des mares qui se forment \u00e0 la saison des pluies et vers laquelle ils se tournent faute de puits dans leur village, afin de s&rsquo;\u00e9pargner des kilom\u00e8tres de marche \u00e0 pied multi journali\u00e8re jusqu&rsquo;au point d&rsquo;eau potable le plus proche. <\/span><\/p>\n\n\n\n<p><strong><span style=\"font-family: arial;\">Il s&rsquo;est av\u00e9r\u00e9 alors beaucoup plus efficace de rem\u00e9dier au mal en s&rsquo;attaquant \u00e0 sa cause plut\u00f4t que d&rsquo;en soigner ind\u00e9finiment les cons\u00e9quences par des envois r\u00e9p\u00e9t\u00e9s de m\u00e9dicaments.<\/span><\/strong><\/p>\n\n\n\n<p><span style=\"font-family: arial;\">Mais alors nous est venue cette question : Comment se fait-il que des villages se soient \u00e9difi\u00e9s l\u00e0 o\u00f9 l&rsquo;eau potable est difficile \u00e0 trouver ? Ce dont nous nous sommes rendus compte tr\u00e8s g\u00e9n\u00e9ralement, c&rsquo;est qu&rsquo;\u00e0 l&rsquo;origine, l&rsquo;eau \u00e9tait facile \u00e0 trouver, mais qu&rsquo;apr\u00e8s plusieurs ann\u00e9es de s\u00e9cheresse certaines nappes sont descendues et que les villages \u00e9taient implant\u00e9s o\u00f9 la \u00ab\u00a0terre\u00a0\u00bb \u00e9tait cultivable.&nbsp;<\/span><\/p>\n\n\n\n<div class=\"wp-block-image\"><figure class=\"alignleft\"><a href=\"http:\/\/www.mali-medicaments.org\/wp-content\/uploads\/2008\/09\/puits2.jpg\" rel=\"lightbox[12]\"><img loading=\"lazy\" decoding=\"async\" width=\"300\" height=\"212\" src=\"https:\/\/www.mali-medicaments.org\/wp-content\/uploads\/2008\/09\/puits2-300x212.jpg\" alt=\"puits\" class=\"wp-image-7\" srcset=\"https:\/\/www.mali-medicaments.org\/wp-content\/uploads\/2008\/09\/puits2-300x212.jpg 300w, https:\/\/www.mali-medicaments.org\/wp-content\/uploads\/2008\/09\/puits2.jpg 373w\" sizes=\"auto, (max-width: 300px) 100vw, 300px\" \/><\/a><\/figure><\/div>\n\n\n\n<p>&#x2666; <strong>De 1996 \u00e0 2006:<\/strong><\/p>\n\n\n\n<p><span style=\"font-family: arial;\">La nappe phr\u00e9atique est accessible dans cette plaine d&rsquo;effondrement situ\u00e9e entre la falaise de Bandiagara et la fronti\u00e8re burkinab\u00e9e. Le sous sol est constitu\u00e9 de s\u00e9diments avec des strates de roches dures, quarzite, gr\u00e8s,..d&rsquo;o\u00f9 la n\u00e9cessit\u00e9 de recourir \u00e0 du mat\u00e9riel et des comp\u00e9tences difficiles \u00e0 r\u00e9unir \u00e0 l&rsquo;\u00e9chelle d&rsquo;un village. N&rsquo;ayant pas nous-m\u00eames de gros moyens, \u00e0 cette p\u00e9riode, nous avions choisi d&rsquo;intervenir simplement en compl\u00e9ment de financement, en fonction des demandes et de l&rsquo;\u00e9tat de nos finances. <\/span><\/p>\n\n\n\n<div class=\"wp-block-image\"><figure class=\"alignright\"><a href=\"http:\/\/www.mali-medicaments.org\/wp-content\/uploads\/2008\/09\/puit3.jpg\" rel=\"lightbox[12]\"><img loading=\"lazy\" decoding=\"async\" width=\"300\" height=\"196\" src=\"https:\/\/www.mali-medicaments.org\/wp-content\/uploads\/2008\/09\/puit3-300x196.jpg\" alt=\"puits enfants\" class=\"wp-image-14\" srcset=\"https:\/\/www.mali-medicaments.org\/wp-content\/uploads\/2008\/09\/puit3-300x196.jpg 300w, https:\/\/www.mali-medicaments.org\/wp-content\/uploads\/2008\/09\/puit3.jpg 361w\" sizes=\"auto, (max-width: 300px) 100vw, 300px\" \/><\/a><\/figure><\/div>\n\n\n\n<p><span style=\"font-family: arial;\">Chaque ann\u00e9e, nous donnions ce que nous pouvions pour les villages&nbsp;aid\u00e9s autour de<em> Pel-Maoud\u00e9<\/em>, et chacun savait parmi nos correspondants locaux, que s&rsquo;il manquait des explosifs pour faire sauter une roche et atteindre l&rsquo;eau, ou s&rsquo;il manquait des buses ou du ciment pour consolider un puits, on pouvait puiser dans la \u00ab\u00a0cagnotte \u00ab\u00a0.. Ce que nous demandions en contrepartie, c&rsquo;\u00e9tait d&rsquo;avoir le plus de d\u00e9tails possible sur ce que devenait notre argent, l&rsquo;\u00e9volution des chantiers et ce qu&rsquo;il restait \u00e0 faire. D&rsquo;o\u00f9 une correspondance \u00e9troite, entre autres avec les \u00e9quipes de puisatiers qui, heureusement pour elles, ne d\u00e9pendaient pas que de nous.<\/span><\/p>\n\n\n\n<p>Au moins une autre organisation humanitaire tr\u00e8s puissante \u00e9tait \u00e0 leurs c\u00f4t\u00e9s, nous compl\u00e9tions au cas par cas et l&rsquo;aide des villageois \u00e9tait&nbsp;loin d&rsquo;\u00eatre n\u00e9gligeable.<\/p>\n\n\n\n<p><strong>&#x2666; De 2006 \u00e0 2009:<\/strong><\/p>\n\n\n\n<p>Mali-M\u00e9dicaments s&rsquo;est retrouv\u00e9 seul acteur sur le terrain et en cons\u00e9quence seul \u00e0 supporter le co\u00fbt total des mat\u00e9riaux et le financement de la logistique (maintenance et entretien du compresseur, dynamite,&#8230;). Nous nous sommes concentr\u00e9s sur le cercle de Koro.<\/p>\n\n\n\n<p>&#8212;-&gt; Par exemple, en 2007, le puits d&rsquo;Ogossa\u00efe, 75m de profondeur.<\/p>\n\n\n\n<figure class=\"wp-block-image size-medium\"><a href=\"https:\/\/www.mali-medicaments.org\/wp-content\/uploads\/2008\/09\/P1000870X-XCopie.jpg\" rel=\"lightbox[12]\"><img loading=\"lazy\" decoding=\"async\" width=\"300\" height=\"225\" src=\"https:\/\/www.mali-medicaments.org\/wp-content\/uploads\/2008\/09\/P1000870X-XCopie-300x225.jpg\" alt=\"\" class=\"wp-image-2043\" srcset=\"https:\/\/www.mali-medicaments.org\/wp-content\/uploads\/2008\/09\/P1000870X-XCopie-300x225.jpg 300w, https:\/\/www.mali-medicaments.org\/wp-content\/uploads\/2008\/09\/P1000870X-XCopie-768x576.jpg 768w, https:\/\/www.mali-medicaments.org\/wp-content\/uploads\/2008\/09\/P1000870X-XCopie.jpg 980w\" sizes=\"auto, (max-width: 300px) 100vw, 300px\" \/><\/a><\/figure>\n\n\n\n<figure class=\"wp-block-image size-medium\"><a href=\"https:\/\/www.mali-medicaments.org\/wp-content\/uploads\/2008\/09\/P1000874X-XCopie.jpg\" rel=\"lightbox[12]\"><img loading=\"lazy\" decoding=\"async\" width=\"300\" height=\"225\" src=\"https:\/\/www.mali-medicaments.org\/wp-content\/uploads\/2008\/09\/P1000874X-XCopie-300x225.jpg\" alt=\"\" class=\"wp-image-2044\" srcset=\"https:\/\/www.mali-medicaments.org\/wp-content\/uploads\/2008\/09\/P1000874X-XCopie-300x225.jpg 300w, https:\/\/www.mali-medicaments.org\/wp-content\/uploads\/2008\/09\/P1000874X-XCopie-768x576.jpg 768w, https:\/\/www.mali-medicaments.org\/wp-content\/uploads\/2008\/09\/P1000874X-XCopie.jpg 980w\" sizes=\"auto, (max-width: 300px) 100vw, 300px\" \/><\/a><\/figure>\n\n\n\n<figure class=\"wp-block-image size-medium\"><a href=\"https:\/\/www.mali-medicaments.org\/wp-content\/uploads\/2008\/09\/P1000875X-XCopie.jpg\" rel=\"lightbox[12]\"><img loading=\"lazy\" decoding=\"async\" width=\"225\" height=\"300\" src=\"https:\/\/www.mali-medicaments.org\/wp-content\/uploads\/2008\/09\/P1000875X-XCopie-225x300.jpg\" alt=\"\" class=\"wp-image-2045\" srcset=\"https:\/\/www.mali-medicaments.org\/wp-content\/uploads\/2008\/09\/P1000875X-XCopie-225x300.jpg 225w, https:\/\/www.mali-medicaments.org\/wp-content\/uploads\/2008\/09\/P1000875X-XCopie.jpg 735w\" sizes=\"auto, (max-width: 225px) 100vw, 225px\" \/><\/a><\/figure>\n\n\n\n<p><span style=\"color: #333333;\"><strong>&#x2666; De 2009 au jour d&rsquo;aujourd&rsquo;hui:<\/strong><\/span><\/p>\n\n\n\n<p class=\"has-text-color has-vivid-cyan-blue-color\"><span style=\"color: #000000;\">Nous poursuivons les creusements de puits ou les r\u00e9habilitations, cependant pour augmenter notre r\u00e9activit\u00e9 face \u00e0 la demande de nos amis maliens, nous avons recherch\u00e9 des partenariats,\u00a0nous avons travaill\u00e9 de 2009 \u00e0 2015 avec le Conseil G\u00e9n\u00e9ral des Yvelines,\u00a0<a rel=\"noopener noreferrer\" href=\"http:\/\/www.yvelines.fr\/fiche\/mali-medicaments\/\" target=\"_blank\"><strong><span style=\"color: #0000ff;\">service solidarit\u00e9 &#8211; coop\u00e9ration internationale<\/span><\/strong><\/a>, pour la r\u00e9alisation de certains d&rsquo;entre-eux. A partir du 1er janvier 2016, le Groupement d&rsquo;Int\u00e9r\u00eat Public, GIP, d\u00e9nomm\u00e9 Yvelines Coop\u00e9ration Internationale et D\u00e9veloppement, <a href=\"http:\/\/www.yvelines.fr\/coopinter\"><strong><span style=\"color: #0000ff;\">Y-CID<\/span> <\/strong><\/a>a repris\u00a0\u00e0 son compte les actions du d\u00e9partement et essaye de cr\u00e9er une synergie entre tous les acteurs. Mali-M\u00e9dicaments en est membre fondateur. C&rsquo;est aussi notre nouveau partenaire privil\u00e9gi\u00e9 <em>(<\/em><strong><a href=\"https:\/\/www.mali-medicaments.org\/?page_id=1804\">voir les projets finalis\u00e9s et le projet en en cours 2020-2022<\/a><\/strong><em>\u00a0)<\/em><\/span><\/p>\n\n\n\n<p><strong><span style=\"color: #0000ff;\">\u2192<\/span><span style=\"color: #0000ff;\">&nbsp;<a style=\"color: #0000ff;\" href=\"http:\/\/www.mali-medicaments.org\/wp-content\/uploads\/2008\/09\/inventaire-des-puits-en-photos-jusqu-en-2012.pdf\">Inventaire des puits r\u00e9alis\u00e9s en photos de 2007 \u00e0 2012<\/a><\/span><\/strong><\/p>\n\n\n\n<p><strong><em>Ogossa\u00efe 75m, Pel-Maoud\u00e9 25m, Bire-Goran 35m, Guinawolo 45 m, Timessogou 35 m, Temegolo 35m<\/em><\/strong><\/p>\n\n\n\n<p><span style=\"color: #0000ff;\"><strong>\u2192<a style=\"color: #0000ff;\" href=\"http:\/\/www.mali-medicaments.org\/wp-content\/uploads\/2008\/09\/inventaire-2-des-puits-en-photos-de-2012-\u00e0-2015.pdf\">Inventaire des puits creus\u00e9s en photos de 2012 \u00e0 2015<\/a><\/strong><\/span><\/p>\n\n\n\n<p><em><strong>Manibouro 35m, Tougniri 42m, Guidourou 35m, Baragnagol\u00e9-Wilwal 35m, Tendely 35m, Wagourou 45m<\/strong><\/em><\/p>\n\n\n\n<p>&gt;<span style=\"color: #0000ff;\"><strong><span style=\"color: #0000ff;\">&nbsp;<\/span><a href=\"https:\/\/www.mali-medicaments.org\/wp-content\/uploads\/2008\/09\/inventaireX3XdesXpuitsXenXphotosXdeX2015XXXX2016.pdf\"><span style=\"color: #0000ff;\">Inventaire des puits de 2015 \u00e0 2017<\/span><\/a><\/strong><\/span><\/p>\n\n\n\n<p><em><strong>Et pour 2015: <\/strong><\/em><strong>&nbsp;Sougourou-D<\/strong><strong>agnan<\/strong><em><strong> 42m <\/strong><\/em><\/p>\n\n\n\n<figure class=\"wp-block-image size-medium\"><a href=\"http:\/\/www.mali-medicaments.org\/wp-content\/uploads\/2008\/09\/SAM_00931-Copie.jpg\" rel=\"lightbox[12]\"><img loading=\"lazy\" decoding=\"async\" width=\"300\" height=\"225\" src=\"https:\/\/www.mali-medicaments.org\/wp-content\/uploads\/2008\/09\/SAM_00931-Copie-300x225.jpg\" alt=\"SAM_0093[1] - Copie\" class=\"wp-image-1420\" srcset=\"https:\/\/www.mali-medicaments.org\/wp-content\/uploads\/2008\/09\/SAM_00931-Copie-300x225.jpg 300w, https:\/\/www.mali-medicaments.org\/wp-content\/uploads\/2008\/09\/SAM_00931-Copie-1024x768.jpg 1024w, https:\/\/www.mali-medicaments.org\/wp-content\/uploads\/2008\/09\/SAM_00931-Copie.jpg 1434w\" sizes=\"auto, (max-width: 300px) 100vw, 300px\" \/><\/a><\/figure>\n\n\n\n<figure class=\"wp-block-image size-medium\"><a href=\"http:\/\/www.mali-medicaments.org\/wp-content\/uploads\/2008\/09\/SAM_00951-Copie.jpg\" rel=\"lightbox[12]\"><img loading=\"lazy\" decoding=\"async\" width=\"300\" height=\"225\" src=\"https:\/\/www.mali-medicaments.org\/wp-content\/uploads\/2008\/09\/SAM_00951-Copie-300x225.jpg\" alt=\"SAM_0095[1] - Copie\" class=\"wp-image-1421\" srcset=\"https:\/\/www.mali-medicaments.org\/wp-content\/uploads\/2008\/09\/SAM_00951-Copie-300x225.jpg 300w, https:\/\/www.mali-medicaments.org\/wp-content\/uploads\/2008\/09\/SAM_00951-Copie-1024x768.jpg 1024w, https:\/\/www.mali-medicaments.org\/wp-content\/uploads\/2008\/09\/SAM_00951-Copie.jpg 1434w\" sizes=\"auto, (max-width: 300px) 100vw, 300px\" \/><\/a><\/figure>\n\n\n\n<p><em><strong><\/strong><\/em><br><strong><em> et Bir\u00e9-Dogon, 40 m, inaugur\u00e9 pour No\u00ebl 2015<\/em><\/strong><\/p>\n\n\n\n<figure class=\"wp-block-image size-medium\"><a href=\"http:\/\/www.mali-medicaments.org\/wp-content\/uploads\/2008\/09\/Birga-3-Copie.jpg\" rel=\"lightbox[12]\"><img loading=\"lazy\" decoding=\"async\" width=\"300\" height=\"225\" src=\"https:\/\/www.mali-medicaments.org\/wp-content\/uploads\/2008\/09\/Birga-3-Copie-300x225.jpg\" alt=\"Birga 3 - Copie\" class=\"wp-image-1423\" srcset=\"https:\/\/www.mali-medicaments.org\/wp-content\/uploads\/2008\/09\/Birga-3-Copie-300x225.jpg 300w, https:\/\/www.mali-medicaments.org\/wp-content\/uploads\/2008\/09\/Birga-3-Copie.jpg 1024w\" sizes=\"auto, (max-width: 300px) 100vw, 300px\" \/><\/a><\/figure>\n\n\n\n<p><span style=\"color: #0000ff;\"><strong>\u21d2\u21d2\u21d2<a style=\"color: #0000ff;\" href=\"https:\/\/www.mali-medicaments.org\/wp-content\/uploads\/2018\/03\/ReportageXphotosXinaugurationXpuitsXsamanXdogon.pdf\">Reportage photo: inauguration du puits de Samani-Dogon, quartier de l&rsquo;\u00e9cole, en 2018, Partage de l&rsquo;eau et B\u00e9n\u00e9diction<\/a><\/strong><\/span><\/p>\n\n\n\n<p><span style=\"color: #0000ff;\"><strong><a style=\"color: #0000ff;\" href=\"https:\/\/www.mali-medicaments.org\/wp-content\/uploads\/2019\/08\/inventaire-4-des-puits-en-photos-de-2017-\u00e0-2019.pdf\">\u2192 Inventaire des puits de 2017 \u00e0 2019<\/a><\/strong><\/span><\/p>\n\n\n\n<p><span style=\"color: #333333;\"><strong>&#x2666; A combien revient un puits? <\/strong><\/span><\/p>\n\n\n\n<p><span style=\"color: #0000ff;\"><strong>\u2192 <a href=\"http:\/\/www.mali-medicaments.org\/wp-content\/uploads\/2008\/09\/explicationschiffrage-puits.pdf\"><span style=\"color: #0000ff;\">Estimation chiffrage poste par poste du creusement d&rsquo;un puits de 35m de profondeur en terrain meuble en 2012<\/span><\/a><\/strong><\/span><\/p>\n\n\n\n<p><strong><span style=\"color: #333333;\">&#x2666;<\/span><span style=\"text-decoration: underline;\"> <\/span><\/strong><strong><span style=\"text-decoration: underline;\">Pr\u00e9cisions techniques&nbsp;:&nbsp;<\/span><\/strong><strong><span style=\"text-decoration: underline;\">&nbsp;<\/span><\/strong><\/p>\n\n\n\n<p><strong>Nos points d\u2019eau r\u00e9alis\u00e9s sont des puits modernes\u00e0 large diam\u00e8tre&nbsp;:<\/strong><\/p>\n\n\n\n<p>v&nbsp; <em>Pas de forage ni de pompe afin d\u2019\u00e9viter tout risque de grippage ou d\u2019ensablement, \u00e9vite aussi les probl\u00e8mes de maintenance et l\u2019approvisionnement en pi\u00e8ces de rechange.<\/em><\/p>\n\n\n\n<p>v&nbsp; <sup>&nbsp;<\/sup><em>Acc\u00e8s \u00e0 un grand nombre d\u2019utilisateurs en m\u00eame temps, favorise la vie du village&nbsp;: respect de leurs traditions. Le Puits est un lieu d\u2019\u00e9changes, de rencontres pour la communaut\u00e9 des femmes et leurs enfants.<\/em><\/p>\n\n\n\n<p>v&nbsp; <em>Accessibilit\u00e9 \u00e0 tous y compris au peuple Peul (ethnie nomade, gardienne et \u00e9leveuse de troupeaux).<\/em><\/p>\n\n\n\n<div class=\"wp-block-image\"><figure class=\"aligncenter size-large\"><a href=\"http:\/\/www.mali-medicaments.org\/wp-content\/uploads\/2008\/09\/068.jpg\" rel=\"lightbox[12]\"><img loading=\"lazy\" decoding=\"async\" width=\"1024\" height=\"768\" src=\"https:\/\/www.mali-medicaments.org\/wp-content\/uploads\/2008\/09\/068-1024x768.jpg\" alt=\"\" class=\"wp-image-405\" srcset=\"https:\/\/www.mali-medicaments.org\/wp-content\/uploads\/2008\/09\/068-1024x768.jpg 1024w, https:\/\/www.mali-medicaments.org\/wp-content\/uploads\/2008\/09\/068-300x225.jpg 300w\" sizes=\"auto, (max-width: 767px) 89vw, (max-width: 1000px) 54vw, (max-width: 1071px) 543px, 580px\" \/><\/a><\/figure><\/div>\n\n\n\n<p><strong>&nbsp;ils sont creus\u00e9s, bus\u00e9s, ferraill\u00e9s&nbsp;:<\/strong><\/p>\n\n\n\n<ul class=\"wp-block-list\"><li><em>Pas de risque d\u2019\u00e9boulement, d\u2019infiltration d\u2019eau pollu\u00e9e, p\u00e9rennit\u00e9 de l\u2019ouvrage<\/em><\/li><li><em>&nbsp;support peu propice aux d\u00e9veloppements des champignons, moisissures, \u00e0 l implantation de colonies de chauves-souris&nbsp; (d\u00e9jections) <\/em><\/li><li><em>contrairement aux parois brutes et aux moellons employ\u00e9s anciennement par certaines associations.<figure><a href=\"http:\/\/www.mali-medicaments.org\/wp-content\/uploads\/2008\/09\/015.jpg\" rel=\"lightbox[12]\"><img loading=\"lazy\" decoding=\"async\" class=\"alignnone size-thumbnail wp-image-406\" title=\"15 cm de ferraillage, progressionm par m, b\u00e9ton coul\u00e9\" src=\"https:\/\/www.mali-medicaments.org\/wp-content\/uploads\/2008\/09\/015-150x150.jpg\" alt=\"\" width=\"150\" height=\"150\"><\/a><\/figure><figure><a href=\"http:\/\/www.mali-medicaments.org\/wp-content\/uploads\/2008\/09\/PhotoPhotos-Puits-021.jpg\" rel=\"lightbox[12]\"><img loading=\"lazy\" decoding=\"async\" class=\"alignnone size-thumbnail wp-image-407\" title=\"Photo]Photos-Puits 021\" src=\"https:\/\/www.mali-medicaments.org\/wp-content\/uploads\/2008\/09\/PhotoPhotos-Puits-021-150x150.jpg\" alt=\"vue d'ensemble\" width=\"150\" height=\"150\"><\/a><\/figure><figure><a href=\"http:\/\/www.mali-medicaments.org\/wp-content\/uploads\/2008\/09\/PhotoPhotos-Puits-022.jpg\" rel=\"lightbox[12]\"><img loading=\"lazy\" decoding=\"async\" class=\"alignnone size-thumbnail wp-image-408\" title=\"Photo]Photos-Puits 022\" src=\"https:\/\/www.mali-medicaments.org\/wp-content\/uploads\/2008\/09\/PhotoPhotos-Puits-022-150x150.jpg\" alt=\"coffrage de b\u00e9tonnage\" width=\"150\" height=\"150\"><\/a><\/figure><\/em><\/li><\/ul>\n\n\n\n<p><strong>&nbsp;<\/strong><strong>&nbsp;\u00e9quip\u00e9s de margelle&nbsp;:<\/strong><\/p>\n\n\n\n<ul class=\"wp-block-list\"><li><em>Plus pratique, permet de poser le bidon ou l\u2019outre de puisage<\/em><strong>.<\/strong><\/li><li><em>S\u00e9curit\u00e9, \u00e9vite de basculer dans le puits<\/em><strong>.<\/strong><strong>&nbsp;<\/strong><\/li><\/ul>\n\n\n\n<p><strong>&nbsp;de deux demi-couvercles&nbsp;:<\/strong><\/p>\n\n\n\n<ul class=\"wp-block-list\"><li><em>Salubrit\u00e9<\/em><\/li><li><em>S\u00e9curit\u00e9<\/em><\/li><li><em>Evite aussi l\u2019\u00e9vaporation<figure><a href=\"http:\/\/www.mali-medicaments.org\/wp-content\/uploads\/2008\/09\/039.jpg\" rel=\"lightbox[12]\"><img loading=\"lazy\" decoding=\"async\" class=\"aligncenter size-medium wp-image-410\" title=\"d\u00e9tails: couvercles, double portiques, enclos\" src=\"https:\/\/www.mali-medicaments.org\/wp-content\/uploads\/2008\/09\/039-300x225.jpg\" alt=\"\" width=\"300\" height=\"225\" srcset=\"https:\/\/www.mali-medicaments.org\/wp-content\/uploads\/2008\/09\/039-300x225.jpg 300w, https:\/\/www.mali-medicaments.org\/wp-content\/uploads\/2008\/09\/039-1024x768.jpg 1024w\" sizes=\"auto, (max-width: 300px) 100vw, 300px\" \/><\/a><\/figure><\/em><\/li><\/ul>\n\n\n\n<p><strong>de deux portiques&nbsp;:<\/strong><\/p>\n\n\n\n<p>&#8211;&nbsp; <em>Acc\u00e8s \u00e0 un grand nombre d\u2019utilisateurs en m\u00eame temps<\/em><\/p>\n\n\n\n<p><em>&#8211;&nbsp;<\/em>&nbsp; <em>Plus pratique&nbsp;<\/em><\/p>\n\n\n\n<ul class=\"wp-block-list\"><li><strong>d\u2019un enclos ciment\u00e9&nbsp;:<\/strong><\/li><\/ul>\n\n\n\n<p><em>Propret\u00e9, salubrit\u00e9, les utilisateurs se d\u00e9chaussent \u00e0 l\u2019int\u00e9rieur de l\u2019enclos.<\/em><\/p>\n\n\n\n<p><em>Evite le vagabondage des animaux.<\/em><\/p>\n\n\n\n<figure class=\"wp-block-image\"><a href=\"http:\/\/www.mali-medicaments.org\/wp-content\/uploads\/2008\/09\/035.jpg\" rel=\"lightbox[12]\"><img loading=\"lazy\" decoding=\"async\" width=\"150\" height=\"150\" src=\"https:\/\/www.mali-medicaments.org\/wp-content\/uploads\/2008\/09\/035-150x150.jpg\" alt=\"\" class=\"wp-image-411\"\/><\/a><\/figure>\n\n\n\n<figure class=\"wp-block-image\"><a href=\"http:\/\/www.mali-medicaments.org\/wp-content\/uploads\/2008\/09\/042.jpg\" rel=\"lightbox[12]\"><img loading=\"lazy\" decoding=\"async\" width=\"150\" height=\"150\" src=\"https:\/\/www.mali-medicaments.org\/wp-content\/uploads\/2008\/09\/042-150x150.jpg\" alt=\"\u00e0 l'interieur de l'enclos, les pratiques...\" class=\"wp-image-412\"\/><\/a><\/figure>\n\n\n\n<figure class=\"wp-block-image\"><a href=\"http:\/\/www.mali-medicaments.org\/wp-content\/uploads\/2008\/09\/PhotoPhotos-Puits-028.jpg\" rel=\"lightbox[12]\"><img loading=\"lazy\" decoding=\"async\" width=\"150\" height=\"150\" src=\"https:\/\/www.mali-medicaments.org\/wp-content\/uploads\/2008\/09\/PhotoPhotos-Puits-028-150x150.jpg\" alt=\"abreuvoir pour les animaux\" class=\"wp-image-413\"\/><\/a><\/figure>\n\n\n\n<ul class=\"wp-block-list\"><li><strong>&nbsp;et d\u2019un syst\u00e8me de r\u00e9cup\u00e9ration des eaux au sol pour un point excentr\u00e9 d\u2019abreuvage des b\u00eates.<\/strong><\/li><\/ul>\n\n\n\n<p><strong>Depuis 2010, syst\u00e9matiquement il est proc\u00e9d\u00e9 \u00e0 l\u2019indication par plaque ou grav\u00e9e dans le b\u00e9ton de la margelle du nom de l\u2019Association et de ses partenaires.<\/strong><\/p>\n\n\n\n<figure class=\"wp-block-image\"><a href=\"http:\/\/www.mali-medicaments.org\/wp-content\/uploads\/2008\/09\/065.jpg\" rel=\"lightbox[12]\"><img loading=\"lazy\" decoding=\"async\" width=\"300\" height=\"225\" src=\"https:\/\/www.mali-medicaments.org\/wp-content\/uploads\/2008\/09\/065-300x225.jpg\" alt=\"Bire-Goran 2010\" class=\"wp-image-414\" srcset=\"https:\/\/www.mali-medicaments.org\/wp-content\/uploads\/2008\/09\/065-300x225.jpg 300w, https:\/\/www.mali-medicaments.org\/wp-content\/uploads\/2008\/09\/065-1024x768.jpg 1024w\" sizes=\"auto, (max-width: 300px) 100vw, 300px\" \/><\/a><\/figure>\n\n\n\n<p><strong>\u21d2\u21d2\u21d2 En savoir plus:<\/strong><\/p>\n\n\n\n<p>Nous vous invitons \u00e0 consulter les documents suivants:<\/p>\n\n\n\n<p>&#x2665;&nbsp;<span style=\"color: #0000ff;\"><strong><a style=\"color: #0000ff;\" href=\"http:\/\/www.mali-medicaments.org\/wp-content\/uploads\/2008\/09\/Pr\u00e9sentation-puits1-version97.pdf\">Pr\u00e9sentation power point: th\u00e8me les puits<\/a><\/strong><\/span>&nbsp;&#x2665;<\/p>\n\n\n\n<p>&#x2663; <strong><span style=\"color: #0000ff;\">Power point:<\/span><\/strong> <strong><span style=\"color: #0000ff;\"><a style=\"color: #0000ff;\" href=\"http:\/\/www.mali-medicaments.org\/wp-content\/uploads\/2008\/09\/prix-de-la-charte.pptx\">De l&rsquo;eau en quantit\u00e9 et qualit\u00e9, des latrines pour de meilleurs conditions sanitaires<\/a><\/span><\/strong>&nbsp;&#x2663;<\/p>\n\n\n\n<p class=\"has-text-color has-vivid-cyan-blue-color\"><strong> <a href=\"https:\/\/www.mali-medicaments.org\/?p=1009\">Une charte de qualit\u00e9 respect\u00e9e !!!<\/a> Des puits dits \u00ab\u00a0exemplaires\u00a0\u00bb<\/strong><\/p>\n\n\n\n<p><strong>Un d\u00e9fi \u00e0 relever: 50% des besoins en eau sont couverts !!!!<\/strong> (situation au 22\/03\/2020)<\/p>\n\n\n\n<p class=\"has-text-color has-very-dark-gray-color\">&#8212;&#8212;-> <strong><a href=\"https:\/\/www.mali-medicaments.org\/?p=2728\">Retour sommaire rubrique \u00ab\u00a0Puits\u00a0\u00bb<\/a><\/strong> &#8212;&#8212;&#8211;><\/p>\n\n\n\n<p class=\"has-text-color has-very-dark-gray-color\">&#8212;&#8212;&#8212;&#8212;&#8212;&#8212;&#8212;&#8212;&#8212;&#8212;&#8211;> <strong><a href=\"https:\/\/www.mali-medicaments.org\/\">Retour \u00ab\u00a0Page d&rsquo;Accueil\u00a0\u00bb<\/a><\/strong>  &#8212;&#8212;&#8212;&#8212;&#8212;&#8212;&#8212;&#8211;><\/p>\n\n\n\n<p><\/p>\n","protected":false},"excerpt":{"rendered":"<p>&#x2666; POURQUOI FINAN\u00c7ONS-NOUSLE CREUSEMENT DE PUITS ? C&rsquo;est surtout \u00e0 partir de 1996, apr\u00e8s avoir \u00e9t\u00e9 alert\u00e9s \u00e0 l&rsquo;occasion de notre vingti\u00e8me anniversaire par l&rsquo;un de nos correspondants locaux, Baboua TRAOR\u00e9, m\u00e9decin \u00e0 l&rsquo;\u00e9poque sur le terrain, que nous nous sommes tourn\u00e9s vers cette activit\u00e9. Beaucoup de gens en effet souffrent de pathologies li\u00e9es \u00e0 &hellip; <\/p>\n<p class=\"link-more\"><a href=\"https:\/\/www.mali-medicaments.org\/?page_id=12\" class=\"more-link\">Continuer la lecture<span class=\"screen-reader-text\"> de &laquo;&nbsp;Nos projets puits&nbsp;&raquo;<\/span><\/a><\/p>\n","protected":false},"author":2,"featured_media":0,"parent":0,"menu_order":0,"comment_status":"open","ping_status":"open","template":"","meta":{"ngg_post_thumbnail":0,"footnotes":""},"class_list":["post-12","page","type-page","status-publish","hentry"],"_links":{"self":[{"href":"https:\/\/www.mali-medicaments.org\/index.php?rest_route=\/wp\/v2\/pages\/12","targetHints":{"allow":["GET"]}}],"collection":[{"href":"https:\/\/www.mali-medicaments.org\/index.php?rest_route=\/wp\/v2\/pages"}],"about":[{"href":"https:\/\/www.mali-medicaments.org\/index.php?rest_route=\/wp\/v2\/types\/page"}],"author":[{"embeddable":true,"href":"https:\/\/www.mali-medicaments.org\/index.php?rest_route=\/wp\/v2\/users\/2"}],"replies":[{"embeddable":true,"href":"https:\/\/www.mali-medicaments.org\/index.php?rest_route=%2Fwp%2Fv2%2Fcomments&post=12"}],"version-history":[{"count":25,"href":"https:\/\/www.mali-medicaments.org\/index.php?rest_route=\/wp\/v2\/pages\/12\/revisions"}],"predecessor-version":[{"id":2745,"href":"https:\/\/www.mali-medicaments.org\/index.php?rest_route=\/wp\/v2\/pages\/12\/revisions\/2745"}],"wp:attachment":[{"href":"https:\/\/www.mali-medicaments.org\/index.php?rest_route=%2Fwp%2Fv2%2Fmedia&parent=12"}],"curies":[{"name":"wp","href":"https:\/\/api.w.org\/{rel}","templated":true}]}}